Last updated on 2019-07-03 01:47:27 CEST.
Flavor | Version | Tinstall | Tcheck | Ttotal | Status | Flags |
---|---|---|---|---|---|---|
r-devel-linux-x86_64-debian-clang | 0.4.0 | 7.82 | 79.48 | 87.30 | OK | |
r-devel-linux-x86_64-debian-gcc | 0.4.0 | 6.89 | 60.41 | 67.30 | OK | |
r-devel-linux-x86_64-fedora-clang | 0.4.0 | 105.06 | NOTE | |||
r-devel-linux-x86_64-fedora-gcc | 0.4.0 | 97.16 | NOTE | |||
r-devel-windows-ix86+x86_64 | 0.4.0 | 22.00 | 120.00 | 142.00 | OK | |
r-patched-linux-x86_64 | 0.4.0 | 8.68 | 75.32 | 84.00 | OK | |
r-patched-solaris-x86 | 0.4.0 | 154.40 | NOTE | |||
r-release-linux-x86_64 | 0.4.0 | 8.61 | 76.44 | 85.05 | OK | |
r-release-windows-ix86+x86_64 | 0.4.0 | 21.00 | 157.00 | 178.00 | OK | |
r-release-osx-x86_64 | 0.4.0 | NOTE | ||||
r-oldrel-windows-ix86+x86_64 | 0.4.0 | 12.00 | 112.00 | 124.00 | OK | |
r-oldrel-osx-x86_64 | 0.4.0 | NOTE |
Version: 0.4.0
Check: data for non-ASCII characters
Result: NOTE
Note: found 164 marked UTF-8 strings
Flavors: r-devel-linux-x86_64-fedora-clang, r-devel-linux-x86_64-fedora-gcc, r-patched-solaris-x86, r-release-osx-x86_64, r-oldrel-osx-x86_64