Last updated on 2019-07-03 01:47:27 CEST.
Flavor | Version | Tinstall | Tcheck | Ttotal | Status | Flags |
---|---|---|---|---|---|---|
r-devel-linux-x86_64-debian-clang | 1.3.5 | 4.97 | 34.89 | 39.86 | OK | |
r-devel-linux-x86_64-debian-gcc | 1.3.5 | 3.74 | 27.69 | 31.43 | OK | |
r-devel-linux-x86_64-fedora-clang | 1.3.5 | 49.37 | NOTE | |||
r-devel-linux-x86_64-fedora-gcc | 1.3.5 | 46.91 | NOTE | |||
r-devel-windows-ix86+x86_64 | 1.3.5 | 7.00 | 63.00 | 70.00 | OK | |
r-patched-linux-x86_64 | 1.3.5 | 4.12 | 34.98 | 39.10 | OK | |
r-patched-solaris-x86 | 1.3.5 | 64.30 | NOTE | |||
r-release-linux-x86_64 | 1.3.5 | 6.06 | 35.61 | 41.67 | OK | |
r-release-windows-ix86+x86_64 | 1.3.5 | 7.00 | 63.00 | 70.00 | OK | |
r-release-osx-x86_64 | 1.3.5 | NOTE | ||||
r-oldrel-windows-ix86+x86_64 | 1.3.5 | 5.00 | 44.00 | 49.00 | OK | |
r-oldrel-osx-x86_64 | 1.3.5 | NOTE |
Version: 1.3.5
Check: dependencies in R code
Result: NOTE
Namespaces in Imports field not imported from:
‘effsize’ ‘psych’
All declared Imports should be used.
Flavors: r-devel-linux-x86_64-fedora-clang, r-devel-linux-x86_64-fedora-gcc, r-patched-solaris-x86, r-release-osx-x86_64, r-oldrel-osx-x86_64