Last updated on 2019-07-03 01:47:28 CEST.
Flavor | Version | Tinstall | Tcheck | Ttotal | Status | Flags |
---|---|---|---|---|---|---|
r-devel-linux-x86_64-debian-clang | 0.0.1 | 7.09 | 52.53 | 59.62 | OK | |
r-devel-linux-x86_64-debian-gcc | 0.0.1 | 6.34 | 43.29 | 49.63 | OK | |
r-devel-linux-x86_64-fedora-clang | 0.0.1 | 73.46 | NOTE | |||
r-devel-linux-x86_64-fedora-gcc | 0.0.1 | 71.83 | NOTE | |||
r-devel-windows-ix86+x86_64 | 0.0.1 | 13.00 | 84.00 | 97.00 | OK | |
r-patched-linux-x86_64 | 0.0.1 | 7.25 | 52.11 | 59.36 | OK | |
r-patched-solaris-x86 | 0.0.1 | 128.60 | NOTE | |||
r-release-linux-x86_64 | 0.0.1 | 6.78 | 51.94 | 58.72 | OK | |
r-release-windows-ix86+x86_64 | 0.0.1 | 13.00 | 92.00 | 105.00 | OK | |
r-release-osx-x86_64 | 0.0.1 | NOTE | ||||
r-oldrel-windows-ix86+x86_64 | 0.0.1 | 8.00 | 64.00 | 72.00 | OK | |
r-oldrel-osx-x86_64 | 0.0.1 | NOTE |
Version: 0.0.1
Check: dependencies in R code
Result: NOTE
Namespaces in Imports field not imported from:
‘RColorBrewer’ ‘RGtk2’ ‘RNifti’ ‘cairoDevice’ ‘gtools’ ‘jsonlite’
All declared Imports should be used.
Flavors: r-devel-linux-x86_64-fedora-clang, r-devel-linux-x86_64-fedora-gcc, r-patched-solaris-x86, r-release-osx-x86_64, r-oldrel-osx-x86_64