CRAN Package Check Results for Package minpack.lm

Last updated on 2019-07-03 01:47:28 CEST.

Flavor Version Tinstall Tcheck Ttotal Status Flags
r-devel-linux-x86_64-debian-clang 1.2-1 5.35 19.64 24.99 OK
r-devel-linux-x86_64-debian-gcc 1.2-1 3.98 16.23 20.21 OK
r-devel-linux-x86_64-fedora-clang 1.2-1 32.24 NOTE
r-devel-linux-x86_64-fedora-gcc 1.2-1 30.45 NOTE
r-devel-windows-ix86+x86_64 1.2-1 34.00 56.00 90.00 OK
r-patched-linux-x86_64 1.2-1 4.31 19.75 24.06 OK
r-patched-solaris-x86 1.2-1 66.40 OK
r-release-linux-x86_64 1.2-1 5.19 20.04 25.23 OK
r-release-windows-ix86+x86_64 1.2-1 29.00 55.00 84.00 OK
r-release-osx-x86_64 1.2-1 OK
r-oldrel-windows-ix86+x86_64 1.2-1 45.00 38.00 83.00 OK
r-oldrel-osx-x86_64 1.2-1 OK

Check Details

Version: 1.2-1
Check: compiled code
Result: NOTE
    File ‘minpack.lm/libs/minpack.lm.so’:
     Found no calls to: ‘R_registerRoutines’, ‘R_useDynamicSymbols’
    
    It is good practice to register native routines and to disable symbol
    search.
    
    See ‘Writing portable packages’ in the ‘Writing R Extensions’ manual.
Flavors: r-devel-linux-x86_64-fedora-clang, r-devel-linux-x86_64-fedora-gcc