CRAN Package Check Results for Package mldr

Last updated on 2019-07-03 01:47:29 CEST.

Flavor Version Tinstall Tcheck Ttotal Status Flags
r-devel-linux-x86_64-debian-clang 0.4.2 6.57 59.01 65.58 NOTE
r-devel-linux-x86_64-debian-gcc 0.4.2 6.13 48.49 54.62 NOTE
r-devel-linux-x86_64-fedora-clang 0.4.2 83.92 NOTE
r-devel-linux-x86_64-fedora-gcc 0.4.2 80.53 NOTE
r-devel-windows-ix86+x86_64 0.4.2 12.00 120.00 132.00 OK
r-patched-linux-x86_64 0.4.2 7.12 59.21 66.33 OK
r-patched-solaris-x86 0.4.2 128.70 OK
r-release-linux-x86_64 0.4.2 7.03 60.10 67.13 OK
r-release-windows-ix86+x86_64 0.4.2 12.00 113.00 125.00 OK
r-release-osx-x86_64 0.4.2 OK
r-oldrel-windows-ix86+x86_64 0.4.2 8.00 73.00 81.00 OK
r-oldrel-osx-x86_64 0.4.2 OK

Check Details

Version: 0.4.2
Check: for non-standard things in the check directory
Result: NOTE
    Found the following files/directories:
     'myemotions.arff'
Flavors: r-devel-linux-x86_64-debian-clang, r-devel-linux-x86_64-debian-gcc, r-devel-linux-x86_64-fedora-clang, r-devel-linux-x86_64-fedora-gcc