CRAN Package Check Results for Package mma

Last updated on 2019-07-03 01:47:29 CEST.

Flavor Version Tinstall Tcheck Ttotal Status Flags
r-devel-linux-x86_64-debian-clang 8.0-0 24.10 137.28 161.38 OK
r-devel-linux-x86_64-debian-gcc 8.0-0 18.83 106.03 124.86 OK
r-devel-linux-x86_64-fedora-clang 8.0-0 191.66 NOTE
r-devel-linux-x86_64-fedora-gcc 8.0-0 192.22 NOTE
r-devel-windows-ix86+x86_64 8.0-0 41.00 146.00 187.00 OK
r-patched-linux-x86_64 8.0-0 22.52 135.94 158.46 OK
r-patched-solaris-x86 8.0-0 264.70 NOTE
r-release-linux-x86_64 8.0-0 23.27 135.56 158.83 OK
r-release-windows-ix86+x86_64 8.0-0 35.00 143.00 178.00 OK
r-release-osx-x86_64 8.0-0 NOTE
r-oldrel-windows-ix86+x86_64 8.0-0 31.00 138.00 169.00 OK
r-oldrel-osx-x86_64 8.0-0 NOTE

Check Details

Version: 8.0-0
Check: dependencies in R code
Result: NOTE
    Namespace in Imports field not imported from: ‘plotrix’
     All declared Imports should be used.
Flavors: r-devel-linux-x86_64-fedora-clang, r-devel-linux-x86_64-fedora-gcc, r-patched-solaris-x86, r-release-osx-x86_64, r-oldrel-osx-x86_64