CRAN Package Check Results for Package modcmfitr

Last updated on 2019-07-03 01:47:29 CEST.

Flavor Version Tinstall Tcheck Ttotal Status Flags
r-devel-linux-x86_64-debian-clang 0.1.0 1.73 65.53 67.26 OK
r-devel-linux-x86_64-debian-gcc 0.1.0 1.43 51.45 52.88 OK
r-devel-linux-x86_64-fedora-clang 0.1.0 89.99 OK
r-devel-linux-x86_64-fedora-gcc 0.1.0 91.57 OK
r-devel-windows-ix86+x86_64 0.1.0 4.00 86.00 90.00 OK
r-patched-linux-x86_64 0.1.0 1.84 64.32 66.16 NOTE
r-patched-solaris-x86 0.1.0 130.50 OK
r-release-linux-x86_64 0.1.0 1.72 63.99 65.71 NOTE
r-release-windows-ix86+x86_64 0.1.0 4.00 112.00 116.00 OK
r-release-osx-x86_64 0.1.0 OK
r-oldrel-windows-ix86+x86_64 0.1.0 3.00 87.00 90.00 OK
r-oldrel-osx-x86_64 0.1.0 OK

Check Details

Version: 0.1.0
Check: DESCRIPTION meta-information
Result: NOTE
    Dependence on R version ‘3.4.2’ not with patchlevel 0
Flavors: r-patched-linux-x86_64, r-release-linux-x86_64