Last updated on 2019-07-03 01:47:29 CEST.
Flavor | Version | Tinstall | Tcheck | Ttotal | Status | Flags |
---|---|---|---|---|---|---|
r-devel-linux-x86_64-debian-clang | 2.3.3 | 19.37 | 156.87 | 176.24 | OK | |
r-devel-linux-x86_64-debian-gcc | 2.3.3 | 18.58 | 128.13 | 146.71 | OK | |
r-devel-linux-x86_64-fedora-clang | 2.3.3 | 221.10 | NOTE | |||
r-devel-linux-x86_64-fedora-gcc | 2.3.3 | 222.43 | NOTE | |||
r-devel-windows-ix86+x86_64 | 2.3.3 | 37.00 | 233.00 | 270.00 | OK | |
r-patched-linux-x86_64 | 2.3.3 | 19.18 | 159.90 | 179.08 | OK | |
r-patched-solaris-x86 | 2.3.3 | 322.90 | NOTE | |||
r-release-linux-x86_64 | 2.3.3 | 18.18 | 157.93 | 176.11 | OK | |
r-release-windows-ix86+x86_64 | 2.3.3 | 36.00 | 221.00 | 257.00 | OK | |
r-release-osx-x86_64 | 2.3.3 | ERROR | ||||
r-oldrel-windows-ix86+x86_64 | 2.3.3 | 23.00 | 167.00 | 190.00 | OK | |
r-oldrel-osx-x86_64 | 2.3.3 | NOTE |
Version: 2.3.3
Check: dependencies in R code
Result: NOTE
Namespace in Imports field not imported from: ‘bazar’
All declared Imports should be used.
Flavors: r-devel-linux-x86_64-fedora-clang, r-devel-linux-x86_64-fedora-gcc, r-patched-solaris-x86, r-oldrel-osx-x86_64
Version: 2.3.3
Check: package dependencies
Result: ERROR
Package required but not available: ‘genefilter’
See section ‘The DESCRIPTION file’ in the ‘Writing R Extensions’
manual.
Flavor: r-release-osx-x86_64