CRAN Package Check Results for Package mvgraphnorm

Last updated on 2019-07-03 01:47:30 CEST.

Flavor Version Tinstall Tcheck Ttotal Status Flags
r-devel-linux-x86_64-debian-clang 1.81 36.66 314.01 350.67 OK
r-devel-linux-x86_64-debian-gcc 1.81 36.03 256.85 292.88 OK
r-devel-linux-x86_64-fedora-clang 1.81 435.41 OK
r-devel-linux-x86_64-fedora-gcc 1.81 420.01 OK
r-devel-windows-ix86+x86_64 1.81 73.00 387.00 460.00 OK
r-patched-linux-x86_64 1.81 37.12 312.73 349.85 OK
r-patched-solaris-x86 1.81 646.20 OK
r-release-linux-x86_64 1.81 36.37 313.30 349.67 OK
r-release-windows-ix86+x86_64 1.81 69.00 407.00 476.00 OK
r-release-osx-x86_64 1.81 ERROR
r-oldrel-windows-ix86+x86_64 1.81 43.00 316.00 359.00 OK
r-oldrel-osx-x86_64 1.81 ERROR

Check Details

Version: 1.81
Check: package dependencies
Result: ERROR
    Package required but not available: ‘qpgraph’
    
    See section ‘The DESCRIPTION file’ in the ‘Writing R Extensions’
    manual.
Flavors: r-release-osx-x86_64, r-oldrel-osx-x86_64