Last updated on 2019-07-03 01:47:31 CEST.
Flavor | Version | Tinstall | Tcheck | Ttotal | Status | Flags |
---|---|---|---|---|---|---|
r-devel-linux-x86_64-debian-clang | 1.4.1 | 2.62 | 71.26 | 73.88 | OK | |
r-devel-linux-x86_64-debian-gcc | 1.4.1 | 2.17 | 53.90 | 56.07 | OK | |
r-devel-linux-x86_64-fedora-clang | 1.4.1 | 91.47 | NOTE | |||
r-devel-linux-x86_64-fedora-gcc | 1.4.1 | 84.64 | NOTE | |||
r-devel-windows-ix86+x86_64 | 1.4.1 | 6.00 | 82.00 | 88.00 | OK | |
r-patched-linux-x86_64 | 1.4.1 | 2.61 | 70.50 | 73.11 | OK | |
r-patched-solaris-x86 | 1.4.1 | 130.70 | NOTE | |||
r-release-linux-x86_64 | 1.4.1 | 2.47 | 71.55 | 74.02 | OK | |
r-release-windows-ix86+x86_64 | 1.4.1 | 6.00 | 84.00 | 90.00 | OK | |
r-release-osx-x86_64 | 1.4.1 | NOTE | ||||
r-oldrel-windows-ix86+x86_64 | 1.4.1 | 3.00 | 75.00 | 78.00 | OK | |
r-oldrel-osx-x86_64 | 1.4.1 | WARN |
Version: 1.4.1
Check: dependencies in R code
Result: NOTE
Namespace in Imports field not imported from: ‘deSolve’
All declared Imports should be used.
Flavors: r-devel-linux-x86_64-fedora-clang, r-devel-linux-x86_64-fedora-gcc, r-patched-solaris-x86, r-release-osx-x86_64, r-oldrel-osx-x86_64
Version: 1.4.1
Check: re-building of vignette outputs
Result: WARN
Error in re-building vignettes:
...
Warning in engine$weave(file, quiet = quiet, encoding = enc) :
Pandoc (>= 1.12.3) and/or pandoc-citeproc not available. Falling back to R Markdown v1.
Warning in engine$weave(file, quiet = quiet, encoding = enc) :
Pandoc (>= 1.12.3) and/or pandoc-citeproc not available. Falling back to R Markdown v1.
Warning in engine$weave(file, quiet = quiet, encoding = enc) :
Pandoc (>= 1.12.3) and/or pandoc-citeproc not available. Falling back to R Markdown v1.
Warning in engine$weave(file, quiet = quiet, encoding = enc) :
Pandoc (>= 1.12.3) and/or pandoc-citeproc not available. Falling back to R Markdown v1.
Warning in engine$weave(file, quiet = quiet, encoding = enc) :
Pandoc (>= 1.12.3) and/or pandoc-citeproc not available. Falling back to R Markdown v1.
Error: processing vignette 'walkthrough.Rmd' failed with diagnostics:
(converted from warning) Pandoc (>= 1.12.3) and/or pandoc-citeproc not available. Falling back to R Markdown v1.
Execution halted
Flavor: r-oldrel-osx-x86_64