CRAN Package Check Results for Package neo4r

Last updated on 2019-07-03 01:47:30 CEST.

Flavor Version Tinstall Tcheck Ttotal Status Flags
r-devel-linux-x86_64-debian-clang 0.1.1 4.48 35.02 39.50 OK
r-devel-linux-x86_64-debian-gcc 0.1.1 4.17 27.45 31.62 OK
r-devel-linux-x86_64-fedora-clang 0.1.1 48.20 NOTE
r-devel-linux-x86_64-fedora-gcc 0.1.1 45.22 NOTE
r-devel-windows-ix86+x86_64 0.1.1 10.00 54.00 64.00 OK
r-patched-linux-x86_64 0.1.1 5.44 33.78 39.22 OK
r-patched-solaris-x86 0.1.1 69.90 NOTE
r-release-linux-x86_64 0.1.1 5.43 34.30 39.73 OK
r-release-windows-ix86+x86_64 0.1.1 11.00 49.00 60.00 OK
r-release-osx-x86_64 0.1.1 NOTE
r-oldrel-windows-ix86+x86_64 0.1.1 7.00 49.00 56.00 OK
r-oldrel-osx-x86_64 0.1.1 NOTE

Check Details

Version: 0.1.1
Check: dependencies in R code
Result: NOTE
    Namespaces in Imports field not imported from:
     ‘igraph’ ‘rlang’ ‘tidyselect’
     All declared Imports should be used.
Flavors: r-devel-linux-x86_64-fedora-clang, r-devel-linux-x86_64-fedora-gcc, r-patched-solaris-x86, r-release-osx-x86_64, r-oldrel-osx-x86_64