Last updated on 2019-07-03 01:47:31 CEST.
Flavor | Version | Tinstall | Tcheck | Ttotal | Status | Flags |
---|---|---|---|---|---|---|
r-devel-linux-x86_64-debian-clang | 0.2.0 | 2.56 | 27.01 | 29.57 | OK | |
r-devel-linux-x86_64-debian-gcc | 0.2.0 | 2.20 | 21.62 | 23.82 | OK | |
r-devel-linux-x86_64-fedora-clang | 0.2.0 | 37.30 | OK | |||
r-devel-linux-x86_64-fedora-gcc | 0.2.0 | 34.68 | OK | |||
r-devel-windows-ix86+x86_64 | 0.2.0 | 5.00 | 46.00 | 51.00 | OK | |
r-patched-linux-x86_64 | 0.2.0 | 2.48 | 26.39 | 28.87 | OK | |
r-patched-solaris-x86 | 0.2.0 | 58.60 | NOTE | |||
r-release-linux-x86_64 | 0.2.0 | 2.54 | 26.27 | 28.81 | OK | |
r-release-windows-ix86+x86_64 | 0.2.0 | 6.00 | 56.00 | 62.00 | OK | |
r-release-osx-x86_64 | 0.2.0 | OK | ||||
r-oldrel-windows-ix86+x86_64 | 0.2.0 | 3.00 | 39.00 | 42.00 | OK | |
r-oldrel-osx-x86_64 | 0.2.0 | OK |
Version: 0.2.0
Check: package dependencies
Result: NOTE
Package suggested but not available for checking: ‘redux’
Flavor: r-patched-solaris-x86
Version: 0.2.0
Check: Rd cross-references
Result: NOTE
Package unavailable to check Rd xrefs: ‘redux’
Flavor: r-patched-solaris-x86