Last updated on 2019-07-03 01:47:31 CEST.
Flavor | Version | Tinstall | Tcheck | Ttotal | Status | Flags |
---|---|---|---|---|---|---|
r-devel-linux-x86_64-debian-clang | 0.4.0 | 12.18 | 187.72 | 199.90 | OK | |
r-devel-linux-x86_64-debian-gcc | 0.4.0 | 10.21 | 147.51 | 157.72 | OK | |
r-devel-linux-x86_64-fedora-clang | 0.4.0 | 264.54 | NOTE | |||
r-devel-linux-x86_64-fedora-gcc | 0.4.0 | 248.58 | NOTE | |||
r-devel-windows-ix86+x86_64 | 0.4.0 | 28.00 | 223.00 | 251.00 | OK | |
r-patched-linux-x86_64 | 0.4.0 | 11.04 | 184.25 | 195.29 | OK | |
r-patched-solaris-x86 | 0.4.0 | 411.60 | NOTE | |||
r-release-linux-x86_64 | 0.4.0 | 11.31 | 183.79 | 195.10 | OK | |
r-release-windows-ix86+x86_64 | 0.4.0 | 26.00 | 213.00 | 239.00 | OK | |
r-release-osx-x86_64 | 0.4.0 | NOTE | ||||
r-oldrel-windows-ix86+x86_64 | 0.4.0 | 17.00 | 204.00 | 221.00 | OK | |
r-oldrel-osx-x86_64 | 0.4.0 | NOTE |
Version: 0.4.0
Check: dependencies in R code
Result: NOTE
Namespaces in Imports field not imported from:
‘dplyr’ ‘e1071’ ‘pROC’ ‘purrr’ ‘randomForest’ ‘rlang’
All declared Imports should be used.
Flavors: r-devel-linux-x86_64-fedora-clang, r-devel-linux-x86_64-fedora-gcc, r-patched-solaris-x86, r-release-osx-x86_64, r-oldrel-osx-x86_64