Last updated on 2019-07-03 01:47:31 CEST.
Flavor | Version | Tinstall | Tcheck | Ttotal | Status | Flags |
---|---|---|---|---|---|---|
r-devel-linux-x86_64-debian-clang | 0.2.6 | 118.96 | 100.23 | 219.19 | OK | |
r-devel-linux-x86_64-debian-gcc | 0.2.6 | 93.31 | 79.16 | 172.47 | OK | |
r-devel-linux-x86_64-fedora-clang | 0.2.6 | 332.54 | OK | |||
r-devel-linux-x86_64-fedora-gcc | 0.2.6 | 287.07 | OK | |||
r-devel-windows-ix86+x86_64 | 0.2.6 | 250.00 | 228.00 | 478.00 | OK | |
r-patched-linux-x86_64 | 0.2.6 | 109.31 | 99.63 | 208.94 | OK | |
r-patched-solaris-x86 | 0.2.6 | 351.90 | OK | |||
r-release-linux-x86_64 | 0.2.6 | 111.51 | 100.65 | 212.16 | OK | |
r-release-windows-ix86+x86_64 | 0.2.6 | 229.00 | 158.00 | 387.00 | OK | |
r-release-osx-x86_64 | 0.2.6 | WARN | ||||
r-oldrel-windows-ix86+x86_64 | 0.2.6 | 218.00 | 149.00 | 367.00 | OK | |
r-oldrel-osx-x86_64 | 0.2.6 | OK |
Version: 0.2.6
Check: whether package can be installed
Result: WARN
Found the following significant warnings:
Warning: 'rgl_init' failed, running with rgl.useNULL = TRUE
Flavor: r-release-osx-x86_64