CRAN Package Check Results for Package npphen

Last updated on 2019-07-03 01:47:31 CEST.

Flavor Version Tinstall Tcheck Ttotal Status Flags
r-devel-linux-x86_64-debian-clang 1.1-0 12.40 104.84 117.24 OK
r-devel-linux-x86_64-debian-gcc 1.1-0 10.44 84.75 95.19 OK
r-devel-linux-x86_64-fedora-clang 1.1-0 147.64 NOTE
r-devel-linux-x86_64-fedora-gcc 1.1-0 139.95 NOTE
r-devel-windows-ix86+x86_64 1.1-0 36.00 152.00 188.00 OK
r-patched-linux-x86_64 1.1-0 12.31 104.91 117.22 OK
r-patched-solaris-x86 1.1-0 264.70 NOTE
r-release-linux-x86_64 1.1-0 13.34 105.42 118.76 OK
r-release-windows-ix86+x86_64 1.1-0 36.00 152.00 188.00 OK
r-release-osx-x86_64 1.1-0 NOTE
r-oldrel-windows-ix86+x86_64 1.1-0 25.00 111.00 136.00 OK
r-oldrel-osx-x86_64 1.1-0 NOTE

Check Details

Version: 1.1-0
Check: dependencies in R code
Result: NOTE
    Namespace in Imports field not imported from: ‘rts’
     All declared Imports should be used.
Flavors: r-devel-linux-x86_64-fedora-clang, r-devel-linux-x86_64-fedora-gcc, r-patched-solaris-x86, r-release-osx-x86_64, r-oldrel-osx-x86_64