Last updated on 2019-07-03 01:47:31 CEST.
Flavor | Version | Tinstall | Tcheck | Ttotal | Status | Flags |
---|---|---|---|---|---|---|
r-devel-linux-x86_64-debian-clang | 0.3.5 | 7.51 | 210.21 | 217.72 | OK | |
r-devel-linux-x86_64-debian-gcc | 0.3.5 | 6.55 | 162.49 | 169.04 | OK | |
r-devel-linux-x86_64-fedora-clang | 0.3.5 | 256.00 | NOTE | |||
r-devel-linux-x86_64-fedora-gcc | 0.3.5 | 250.08 | NOTE | |||
r-devel-windows-ix86+x86_64 | 0.3.5 | 19.00 | 231.00 | 250.00 | OK | |
r-patched-linux-x86_64 | 0.3.5 | 8.94 | 208.26 | 217.20 | OK | |
r-patched-solaris-x86 | 0.3.5 | 333.70 | NOTE | |||
r-release-linux-x86_64 | 0.3.5 | 8.05 | 209.64 | 217.69 | OK | |
r-release-windows-ix86+x86_64 | 0.3.5 | 19.00 | 219.00 | 238.00 | OK | |
r-release-osx-x86_64 | 0.3.5 | NOTE | ||||
r-oldrel-windows-ix86+x86_64 | 0.3.5 | 10.00 | 228.00 | 238.00 | OK | |
r-oldrel-osx-x86_64 | 0.3.5 | NOTE |
Version: 0.3.5
Check: dependencies in R code
Result: NOTE
Namespaces in Imports field not imported from:
‘forecast’ ‘rlang’ ‘tidyverse’ ‘tsibble’
All declared Imports should be used.
Flavors: r-devel-linux-x86_64-fedora-clang, r-devel-linux-x86_64-fedora-gcc, r-patched-solaris-x86, r-release-osx-x86_64, r-oldrel-osx-x86_64