CRAN Package Check Results for Package oai

Last updated on 2019-07-03 01:47:31 CEST.

Flavor Version Tinstall Tcheck Ttotal Status Flags
r-devel-linux-x86_64-debian-clang 0.2.2 3.11 30.03 33.14 OK
r-devel-linux-x86_64-debian-gcc 0.2.2 2.99 24.57 27.56 OK
r-devel-linux-x86_64-fedora-clang 0.2.2 42.42 NOTE
r-devel-linux-x86_64-fedora-gcc 0.2.2 41.02 NOTE
r-devel-windows-ix86+x86_64 0.2.2 9.00 69.00 78.00 OK
r-patched-linux-x86_64 0.2.2 3.81 30.07 33.88 OK
r-patched-solaris-x86 0.2.2 70.00 OK
r-release-linux-x86_64 0.2.2 3.75 30.16 33.91 OK
r-release-windows-ix86+x86_64 0.2.2 10.00 92.00 102.00 OK
r-release-osx-x86_64 0.2.2 OK
r-oldrel-windows-ix86+x86_64 0.2.2 6.00 58.00 64.00 OK
r-oldrel-osx-x86_64 0.2.2 OK

Check Details

Version: 0.2.2
Check: compiled code
Result: NOTE
    File ‘oai/libs/oai.so’:
     Found no calls to: ‘R_registerRoutines’, ‘R_useDynamicSymbols’
    
    It is good practice to register native routines and to disable symbol
    search.
    
    See ‘Writing portable packages’ in the ‘Writing R Extensions’ manual.
Flavors: r-devel-linux-x86_64-fedora-clang, r-devel-linux-x86_64-fedora-gcc