Last updated on 2019-07-03 01:47:31 CEST.
Flavor | Version | Tinstall | Tcheck | Ttotal | Status | Flags |
---|---|---|---|---|---|---|
r-devel-linux-x86_64-debian-clang | 0.1.0 | 11.75 | 137.17 | 148.92 | NOTE | |
r-devel-linux-x86_64-debian-gcc | 0.1.0 | 13.06 | 109.55 | 122.61 | NOTE | |
r-devel-linux-x86_64-fedora-clang | 0.1.0 | 181.87 | NOTE | |||
r-devel-linux-x86_64-fedora-gcc | 0.1.0 | 184.59 | NOTE | |||
r-devel-windows-ix86+x86_64 | 0.1.0 | 34.00 | 247.00 | 281.00 | NOTE | |
r-patched-linux-x86_64 | 0.1.0 | 13.18 | 134.77 | 147.95 | OK | |
r-patched-solaris-x86 | 0.1.0 | 276.60 | NOTE | |||
r-release-linux-x86_64 | 0.1.0 | 14.07 | 137.13 | 151.20 | OK | |
r-release-windows-ix86+x86_64 | 0.1.0 | 31.00 | 168.00 | 199.00 | NOTE | |
r-release-osx-x86_64 | 0.1.0 | NOTE | ||||
r-oldrel-windows-ix86+x86_64 | 0.1.0 | 19.00 | 164.00 | 183.00 | NOTE | |
r-oldrel-osx-x86_64 | 0.1.0 | NOTE |
Version: 0.1.0
Check: for non-standard things in the check directory
Result: NOTE
Found the following files/directories:
'Gulf_of_Lions.pdf' 'Gulf_of_Lions_extended.pdf'
Flavors: r-devel-linux-x86_64-debian-clang, r-devel-linux-x86_64-debian-gcc, r-devel-linux-x86_64-fedora-clang, r-devel-linux-x86_64-fedora-gcc
Version: 0.1.0
Check: installed package size
Result: NOTE
installed size is 6.2Mb
sub-directories of 1Mb or more:
R 1.5Mb
test_files 4.2Mb
Flavors: r-devel-linux-x86_64-fedora-clang, r-devel-windows-ix86+x86_64, r-patched-solaris-x86, r-release-windows-ix86+x86_64, r-release-osx-x86_64, r-oldrel-windows-ix86+x86_64, r-oldrel-osx-x86_64