Last updated on 2019-07-03 01:47:31 CEST.
Flavor | Version | Tinstall | Tcheck | Ttotal | Status | Flags |
---|---|---|---|---|---|---|
r-devel-linux-x86_64-debian-clang | 1.5.3-4 | 3.60 | 21.60 | 25.20 | OK | |
r-devel-linux-x86_64-debian-gcc | 1.5.3-4 | 2.28 | 17.24 | 19.52 | OK | |
r-devel-linux-x86_64-fedora-clang | 1.5.3-4 | 29.70 | NOTE | |||
r-devel-linux-x86_64-fedora-gcc | 1.5.3-4 | 29.56 | OK | |||
r-devel-windows-ix86+x86_64 | 1.5.3-4 | 9.00 | 32.00 | 41.00 | NOTE | |
r-patched-linux-x86_64 | 1.5.3-4 | 2.99 | 21.34 | 24.33 | OK | |
r-patched-solaris-x86 | 1.5.3-4 | 49.90 | NOTE | |||
r-release-linux-x86_64 | 1.5.3-4 | 3.24 | 21.02 | 24.26 | OK | |
r-release-windows-ix86+x86_64 | 1.5.3-4 | 7.00 | 40.00 | 47.00 | NOTE | |
r-release-osx-x86_64 | 1.5.3-4 | NOTE | ||||
r-oldrel-windows-ix86+x86_64 | 1.5.3-4 | 5.00 | 33.00 | 38.00 | NOTE | |
r-oldrel-osx-x86_64 | 1.5.3-4 | NOTE |
Version: 1.5.3-4
Check: installed package size
Result: NOTE
installed size is 7.2Mb
sub-directories of 1Mb or more:
java 1.2Mb
models 6.0Mb
Flavors: r-devel-linux-x86_64-fedora-clang, r-devel-windows-ix86+x86_64, r-patched-solaris-x86, r-release-windows-ix86+x86_64, r-release-osx-x86_64, r-oldrel-windows-ix86+x86_64, r-oldrel-osx-x86_64