CRAN Package Check Results for Package opera

Last updated on 2019-07-03 01:47:31 CEST.

Flavor Version Tinstall Tcheck Ttotal Status Flags
r-devel-linux-x86_64-debian-clang 1.0 4.40 62.88 67.28 NOTE
r-devel-linux-x86_64-debian-gcc 1.0 2.92 48.67 51.59 NOTE
r-devel-linux-x86_64-fedora-clang 1.0 80.72 OK
r-devel-linux-x86_64-fedora-gcc 1.0 79.03 OK
r-devel-windows-ix86+x86_64 1.0 7.00 74.00 81.00 OK
r-patched-linux-x86_64 1.0 3.91 61.60 65.51 OK
r-patched-solaris-x86 1.0 114.00 OK
r-release-linux-x86_64 1.0 3.86 61.06 64.92 OK
r-release-windows-ix86+x86_64 1.0 7.00 96.00 103.00 OK
r-release-osx-x86_64 1.0 OK
r-oldrel-windows-ix86+x86_64 1.0 6.00 83.00 89.00 OK
r-oldrel-osx-x86_64 1.0 OK

Additional issues

noLD

Check Details

Version: 1.0
Check: package vignettes
Result: NOTE
    Package vignette with placeholder title 'Vignette Title':
     'opera-vignette.Rmd'
Flavors: r-devel-linux-x86_64-debian-clang, r-devel-linux-x86_64-debian-gcc