CRAN Package Check Results for Package optional

Last updated on 2019-07-03 01:47:32 CEST.

Flavor Version Tinstall Tcheck Ttotal Status Flags
r-devel-linux-x86_64-debian-clang 2.0 1.56 20.93 22.49 NOTE
r-devel-linux-x86_64-debian-gcc 2.0 1.36 17.76 19.12 NOTE
r-devel-linux-x86_64-fedora-clang 2.0 28.66 OK
r-devel-linux-x86_64-fedora-gcc 2.0 27.57 OK
r-devel-windows-ix86+x86_64 2.0 4.00 47.00 51.00 OK
r-patched-linux-x86_64 2.0 1.67 21.01 22.68 OK
r-patched-solaris-x86 2.0 43.10 OK
r-release-linux-x86_64 2.0 1.66 21.11 22.77 OK
r-release-windows-ix86+x86_64 2.0 4.00 47.00 51.00 OK
r-release-osx-x86_64 2.0 OK
r-oldrel-windows-ix86+x86_64 2.0 3.00 34.00 37.00 OK
r-oldrel-osx-x86_64 2.0 OK

Check Details

Version: 2.0
Check: package vignettes
Result: NOTE
    Package vignette with placeholder title 'Vignette Title':
     'UserGuide.Rmd'
Flavors: r-devel-linux-x86_64-debian-clang, r-devel-linux-x86_64-debian-gcc