Last updated on 2019-07-03 01:47:32 CEST.
Flavor | Version | Tinstall | Tcheck | Ttotal | Status | Flags |
---|---|---|---|---|---|---|
r-devel-linux-x86_64-debian-clang | 0.9.1 | 14.05 | 82.21 | 96.26 | NOTE | |
r-devel-linux-x86_64-debian-gcc | 0.9.1 | 12.64 | 64.92 | 77.56 | NOTE | |
r-devel-linux-x86_64-fedora-clang | 0.9.1 | 117.00 | NOTE | |||
r-devel-linux-x86_64-fedora-gcc | 0.9.1 | 114.53 | NOTE | |||
r-devel-windows-ix86+x86_64 | 0.9.1 | 37.00 | 140.00 | 177.00 | NOTE | |
r-patched-linux-x86_64 | 0.9.1 | 14.71 | 82.65 | 97.36 | OK | |
r-patched-solaris-x86 | 0.9.1 | 157.50 | NOTE | |||
r-release-linux-x86_64 | 0.9.1 | 15.62 | 82.87 | 98.49 | OK | |
r-release-windows-ix86+x86_64 | 0.9.1 | 26.00 | 130.00 | 156.00 | NOTE | |
r-release-osx-x86_64 | 0.9.1 | NOTE | ||||
r-oldrel-windows-ix86+x86_64 | 0.9.1 | 20.00 | 100.00 | 120.00 | NOTE | |
r-oldrel-osx-x86_64 | 0.9.1 | NOTE |
Version: 0.9.1
Check: for non-standard things in the check directory
Result: NOTE
Found the following files/directories:
'test-afni-image.BRIK' 'test-afni-image.HEAD'
'test-anlz-image-uint8.hdr.gz' 'test-anlz-image-uint8.img.gz'
'test-nifti-image-uint8.nii.gz'
Flavors: r-devel-linux-x86_64-debian-clang, r-devel-linux-x86_64-debian-gcc, r-devel-linux-x86_64-fedora-clang, r-devel-linux-x86_64-fedora-gcc
Version: 0.9.1
Check: installed package size
Result: NOTE
installed size is 6.6Mb
sub-directories of 1Mb or more:
nifti 3.8Mb
Flavors: r-devel-linux-x86_64-fedora-clang, r-devel-windows-ix86+x86_64, r-patched-solaris-x86, r-release-windows-ix86+x86_64, r-release-osx-x86_64, r-oldrel-windows-ix86+x86_64, r-oldrel-osx-x86_64