CRAN Package Check Results for Package otvPlots

Last updated on 2019-07-03 01:47:32 CEST.

Flavor Version Tinstall Tcheck Ttotal Status Flags
r-devel-linux-x86_64-debian-clang 0.2.1 10.48 134.34 144.82 OK
r-devel-linux-x86_64-debian-gcc 0.2.1 8.57 105.34 113.91 OK
r-devel-linux-x86_64-fedora-clang 0.2.1 153.92 NOTE
r-devel-linux-x86_64-fedora-gcc 0.2.1 146.98 NOTE
r-devel-windows-ix86+x86_64 0.2.1 24.00 133.00 157.00 OK
r-patched-linux-x86_64 0.2.1 10.63 117.01 127.64 OK
r-patched-solaris-x86 0.2.1 228.50 NOTE
r-release-linux-x86_64 0.2.1 10.83 119.86 130.69 OK
r-release-windows-ix86+x86_64 0.2.1 24.00 189.00 213.00 OK
r-release-osx-x86_64 0.2.1 NOTE
r-oldrel-windows-ix86+x86_64 0.2.1 15.00 130.00 145.00 OK
r-oldrel-osx-x86_64 0.2.1 NOTE

Check Details

Version: 0.2.1
Check: dependencies in R code
Result: NOTE
    Namespace in Imports field not imported from: ‘quantreg’
     All declared Imports should be used.
Flavors: r-devel-linux-x86_64-fedora-clang, r-devel-linux-x86_64-fedora-gcc, r-patched-solaris-x86, r-release-osx-x86_64, r-oldrel-osx-x86_64