CRAN Package Check Results for Package peakPick

Last updated on 2019-07-03 01:47:33 CEST.

Flavor Version Tinstall Tcheck Ttotal Status Flags
r-devel-linux-x86_64-debian-clang 0.11 1.37 19.63 21.00 NOTE
r-devel-linux-x86_64-debian-gcc 0.11 1.30 15.86 17.16 NOTE
r-devel-linux-x86_64-fedora-clang 0.11 26.55 OK
r-devel-linux-x86_64-fedora-gcc 0.11 25.32 OK
r-devel-windows-ix86+x86_64 0.11 5.00 42.00 47.00 OK
r-patched-linux-x86_64 0.11 1.34 19.47 20.81 OK
r-patched-solaris-x86 0.11 41.20 OK
r-release-linux-x86_64 0.11 1.61 19.68 21.29 OK
r-release-windows-ix86+x86_64 0.11 4.00 50.00 54.00 OK
r-release-osx-x86_64 0.11 OK
r-oldrel-windows-ix86+x86_64 0.11 3.00 32.00 35.00 OK
r-oldrel-osx-x86_64 0.11 OK

Check Details

Version: 0.11
Check: package vignettes
Result: NOTE
    Package vignette with placeholder title 'Vignette Title':
     'peakPick-vignette.Rmd'
Flavors: r-devel-linux-x86_64-debian-clang, r-devel-linux-x86_64-debian-gcc