CRAN Package Check Results for Package pedometrics

Last updated on 2019-07-03 01:47:33 CEST.

Flavor Version Tinstall Tcheck Ttotal Status Flags
r-devel-linux-x86_64-debian-clang 0.6-6 17.05 43.17 60.22 OK
r-devel-linux-x86_64-debian-gcc 0.6-6 11.26 34.56 45.82 OK
r-devel-linux-x86_64-fedora-clang 0.6-6 78.38 NOTE
r-devel-linux-x86_64-fedora-gcc 0.6-6 69.63 NOTE
r-devel-windows-ix86+x86_64 0.6-6 34.00 186.00 220.00 OK
r-patched-linux-x86_64 0.6-6 13.92 42.61 56.53 OK
r-patched-solaris-x86 0.6-6 98.90 OK
r-release-linux-x86_64 0.6-6 15.32 43.06 58.38 OK
r-release-windows-ix86+x86_64 0.6-6 32.00 133.00 165.00 OK
r-release-osx-x86_64 0.6-6 OK
r-oldrel-windows-ix86+x86_64 0.6-6 30.00 77.00 107.00 OK
r-oldrel-osx-x86_64 0.6-6 OK

Check Details

Version: 0.6-6
Check: compiled code
Result: NOTE
    File ‘pedometrics/libs/pedometrics.so’:
     Found no calls to: ‘R_registerRoutines’, ‘R_useDynamicSymbols’
    
    It is good practice to register native routines and to disable symbol
    search.
    
    See ‘Writing portable packages’ in the ‘Writing R Extensions’ manual.
Flavors: r-devel-linux-x86_64-fedora-clang, r-devel-linux-x86_64-fedora-gcc