CRAN Package Check Results for Package penalizedSVM

Last updated on 2019-07-03 01:47:33 CEST.

Flavor Version Tinstall Tcheck Ttotal Status Flags
r-devel-linux-x86_64-debian-clang 1.1.2 5.38 35.99 41.37 OK
r-devel-linux-x86_64-debian-gcc 1.1.2 4.03 28.12 32.15 OK
r-devel-linux-x86_64-fedora-clang 1.1.2 49.52 NOTE
r-devel-linux-x86_64-fedora-gcc 1.1.2 47.03 NOTE
r-devel-windows-ix86+x86_64 1.1.2 9.00 62.00 71.00 OK
r-patched-linux-x86_64 1.1.2 5.41 35.81 41.22 OK
r-patched-solaris-x86 1.1.2 71.90 NOTE
r-release-linux-x86_64 1.1.2 4.72 35.97 40.69 OK
r-release-windows-ix86+x86_64 1.1.2 9.00 80.00 89.00 OK
r-release-osx-x86_64 1.1.2 NOTE
r-oldrel-windows-ix86+x86_64 1.1.2 7.00 46.00 53.00 OK
r-oldrel-osx-x86_64 1.1.2 NOTE

Check Details

Version: 1.1.2
Check: dependencies in R code
Result: NOTE
    Namespace in Imports field not imported from: ‘lhs’
     All declared Imports should be used.
Flavors: r-devel-linux-x86_64-fedora-clang, r-devel-linux-x86_64-fedora-gcc, r-patched-solaris-x86, r-release-osx-x86_64, r-oldrel-osx-x86_64