CRAN Package Check Results for Package petro.One

Last updated on 2019-07-03 01:47:33 CEST.

Flavor Version Tinstall Tcheck Ttotal Status Flags
r-devel-linux-x86_64-debian-clang 0.2.3 11.45 132.21 143.66 NOTE
r-devel-linux-x86_64-debian-gcc 0.2.3 9.54 102.25 111.79 NOTE
r-devel-linux-x86_64-fedora-clang 0.2.3 167.18 NOTE
r-devel-linux-x86_64-fedora-gcc 0.2.3 163.56 NOTE
r-devel-windows-ix86+x86_64 0.2.3 25.00 403.00 428.00 OK
r-patched-linux-x86_64 0.2.3 12.35 128.97 141.32 OK
r-release-linux-x86_64 0.2.3 11.21 128.24 139.45 OK
r-release-windows-ix86+x86_64 0.2.3 23.00 515.00 538.00 OK
r-release-osx-x86_64 0.2.3 ERROR
r-oldrel-windows-ix86+x86_64 0.2.3 14.00 388.00 402.00 OK
r-oldrel-osx-x86_64 0.2.3 NOTE

Check Details

Version: 0.2.3
Check: for non-standard things in the check directory
Result: NOTE
    Found the following files/directories:
     'neural_network-s0000r1000.html' 'neural_network-s1000r1000.html'
     'neural_network-s2000r1000.html' 'neural_network-s3000r1000.html'
Flavors: r-devel-linux-x86_64-debian-clang, r-devel-linux-x86_64-debian-gcc, r-devel-linux-x86_64-fedora-clang, r-devel-linux-x86_64-fedora-gcc

Version: 0.2.3
Check: dependencies in R code
Result: NOTE
    Namespaces in Imports field not imported from:
     ‘Rgraphviz’ ‘SnowballC’ ‘cluster’ ‘graph’
     All declared Imports should be used.
Flavors: r-devel-linux-x86_64-fedora-clang, r-devel-linux-x86_64-fedora-gcc, r-oldrel-osx-x86_64

Version: 0.2.3
Check: package dependencies
Result: ERROR
    Packages required but not available: 'graph', 'Rgraphviz'
    
    See section ‘The DESCRIPTION file’ in the ‘Writing R Extensions’
    manual.
Flavor: r-release-osx-x86_64