Last updated on 2019-07-03 01:47:33 CEST.
Flavor | Version | Tinstall | Tcheck | Ttotal | Status | Flags |
---|---|---|---|---|---|---|
r-devel-linux-x86_64-debian-clang | 1.0.12 | 3.31 | 30.27 | 33.58 | NOTE | |
r-devel-linux-x86_64-debian-gcc | 1.0.12 | 2.71 | 23.97 | 26.68 | NOTE | |
r-devel-linux-x86_64-fedora-clang | 1.0.12 | 39.68 | NOTE | |||
r-devel-linux-x86_64-fedora-gcc | 1.0.12 | 39.01 | NOTE | |||
r-devel-windows-ix86+x86_64 | 1.0.12 | 7.00 | 50.00 | 57.00 | OK | |
r-patched-linux-x86_64 | 1.0.12 | 3.23 | 29.50 | 32.73 | OK | |
r-patched-solaris-x86 | 1.0.12 | 61.70 | OK | |||
r-release-linux-x86_64 | 1.0.12 | 3.34 | 29.98 | 33.32 | OK | |
r-release-windows-ix86+x86_64 | 1.0.12 | 6.00 | 62.00 | 68.00 | OK | |
r-release-osx-x86_64 | 1.0.12 | OK | ||||
r-oldrel-windows-ix86+x86_64 | 1.0.12 | 4.00 | 43.00 | 47.00 | OK | |
r-oldrel-osx-x86_64 | 1.0.12 | OK |
Version: 1.0.12
Check: for non-standard things in the check directory
Result: NOTE
Found the following files/directories:
'test.pdf'
Flavors: r-devel-linux-x86_64-debian-clang, r-devel-linux-x86_64-debian-gcc, r-devel-linux-x86_64-fedora-clang, r-devel-linux-x86_64-fedora-gcc