Last updated on 2019-07-03 01:47:33 CEST.
Flavor | Version | Tinstall | Tcheck | Ttotal | Status | Flags |
---|---|---|---|---|---|---|
r-devel-linux-x86_64-debian-clang | 2.0.9 | 49.55 | 120.83 | 170.38 | OK | |
r-devel-linux-x86_64-debian-gcc | 2.0.9 | 43.18 | 94.14 | 137.32 | OK | |
r-devel-linux-x86_64-fedora-clang | 2.0.9 | 235.46 | OK | |||
r-devel-linux-x86_64-fedora-gcc | 2.0.9 | 221.90 | OK | |||
r-devel-windows-ix86+x86_64 | 2.0.9 | 105.00 | 338.00 | 443.00 | OK | |
r-patched-linux-x86_64 | 2.0.9 | 46.76 | 116.21 | 162.97 | OK | |
r-patched-solaris-x86 | 2.0.9 | 301.80 | OK | |||
r-release-linux-x86_64 | 2.0.9 | 49.96 | 118.05 | 168.01 | OK | |
r-release-windows-ix86+x86_64 | 2.0.9 | 101.00 | 202.00 | 303.00 | OK | |
r-release-osx-x86_64 | 2.0.9 | WARN | ||||
r-oldrel-windows-ix86+x86_64 | 2.0.9 | 93.00 | 194.00 | 287.00 | OK | |
r-oldrel-osx-x86_64 | 2.0.9 | OK |
Version: 2.0.9
Check: whether package can be installed
Result: WARN
Found the following significant warnings:
Warning: 'rgl_init' failed, running with rgl.useNULL = TRUE
Flavor: r-release-osx-x86_64