CRAN Package Check Results for Package pkggraph

Last updated on 2019-07-03 01:47:33 CEST.

Flavor Version Tinstall Tcheck Ttotal Status Flags
r-devel-linux-x86_64-debian-clang 0.2.3 9.82 137.80 147.62 OK
r-devel-linux-x86_64-debian-gcc 0.2.3 9.47 103.78 113.25 OK
r-devel-linux-x86_64-fedora-clang 0.2.3 168.36 OK
r-devel-linux-x86_64-fedora-gcc 0.2.3 164.52 OK
r-devel-windows-ix86+x86_64 0.2.3 24.00 153.00 177.00 OK
r-patched-linux-x86_64 0.2.3 10.86 129.64 140.50 OK
r-patched-solaris-x86 0.2.3 258.60 NOTE
r-release-linux-x86_64 0.2.3 9.95 131.59 141.54 OK
r-release-windows-ix86+x86_64 0.2.3 22.00 210.00 232.00 OK
r-release-osx-x86_64 0.2.3 OK
r-oldrel-windows-ix86+x86_64 0.2.3 18.00 149.00 167.00 OK
r-oldrel-osx-x86_64 0.2.3 OK

Check Details

Version: 0.2.3
Check: installed package size
Result: NOTE
     installed size is 5.1Mb
     sub-directories of 1Mb or more:
     doc 4.4Mb
Flavor: r-patched-solaris-x86