CRAN Package Check Results for Package prc

Last updated on 2019-07-03 01:47:34 CEST.

Flavor Version Tinstall Tcheck Ttotal Status Flags
r-devel-linux-x86_64-debian-clang 2019.1-23 8.64 48.96 57.60 NOTE
r-devel-linux-x86_64-debian-gcc 2019.1-23 6.94 37.40 44.34 NOTE
r-devel-linux-x86_64-fedora-clang 2019.1-23 65.55 NOTE
r-devel-linux-x86_64-fedora-gcc 2019.1-23 68.95 NOTE
r-devel-windows-ix86+x86_64 2019.1-23 15.00 106.00 121.00 NOTE
r-patched-linux-x86_64 2019.1-23 7.10 48.04 55.14 OK
r-patched-solaris-x86 2019.1-23 88.80 NOTE
r-release-linux-x86_64 2019.1-23 8.63 47.69 56.32 OK
r-release-windows-ix86+x86_64 2019.1-23 14.00 106.00 120.00 OK
r-release-osx-x86_64 2019.1-23 OK
r-oldrel-windows-ix86+x86_64 2019.1-23 14.00 74.00 88.00 OK
r-oldrel-osx-x86_64 2019.1-23 OK

Check Details

Version: 2019.1-23
Check: use of PKG_*FLAGS in Makefiles
Result: NOTE
     PKG_CXXFLAGS set in 'src/Makevars.win' without any corresponding files
Flavors: r-devel-linux-x86_64-debian-clang, r-devel-linux-x86_64-debian-gcc, r-devel-linux-x86_64-fedora-clang, r-devel-linux-x86_64-fedora-gcc, r-devel-windows-ix86+x86_64

Version: 2019.1-23
Check: package dependencies
Result: NOTE
    Package suggested but not available for checking: ‘Rmosek’
Flavor: r-patched-solaris-x86