Last updated on 2019-07-03 01:47:34 CEST.
Flavor | Version | Tinstall | Tcheck | Ttotal | Status | Flags |
---|---|---|---|---|---|---|
r-devel-linux-x86_64-debian-clang | 1.1.0 | 1.91 | 17.55 | 19.46 | OK | |
r-devel-linux-x86_64-debian-gcc | 1.1.0 | 1.46 | 13.72 | 15.18 | OK | |
r-devel-linux-x86_64-fedora-clang | 1.1.0 | 23.51 | NOTE | |||
r-devel-linux-x86_64-fedora-gcc | 1.1.0 | 24.22 | NOTE | |||
r-devel-windows-ix86+x86_64 | 1.1.0 | 7.00 | 48.00 | 55.00 | OK | |
r-patched-linux-x86_64 | 1.1.0 | 1.99 | 16.67 | 18.66 | OK | |
r-patched-solaris-x86 | 1.1.0 | 4.30 | ERROR | |||
r-release-linux-x86_64 | 1.1.0 | 1.97 | 16.87 | 18.84 | OK | |
r-release-windows-ix86+x86_64 | 1.1.0 | 6.00 | 33.00 | 39.00 | OK | |
r-release-osx-x86_64 | 1.1.0 | NOTE | ||||
r-oldrel-windows-ix86+x86_64 | 1.1.0 | 3.00 | 29.00 | 32.00 | OK | |
r-oldrel-osx-x86_64 | 1.1.0 | NOTE |
Version: 1.1.0
Check: dependencies in R code
Result: NOTE
Namespaces in Imports field not imported from:
‘DT’ ‘ROCR’ ‘ada’ ‘colourpicker’ ‘corrplot’ ‘e1071’ ‘flexdashboard’
‘glmnet’ ‘kknn’ ‘neuralnet’ ‘randomForest’ ‘rattle’ ‘rpart’
‘shinyAce’ ‘shinyWidgets’ ‘shinydashboardPlus’ ‘shinyjs’ ‘tidyverse’
‘xgboost’ ‘zip’
All declared Imports should be used.
Flavors: r-devel-linux-x86_64-fedora-clang, r-devel-linux-x86_64-fedora-gcc, r-release-osx-x86_64, r-oldrel-osx-x86_64
Version: 1.1.0
Check: package dependencies
Result: ERROR
Package required but not available: ‘xgboost’
See section ‘The DESCRIPTION file’ in the ‘Writing R Extensions’
manual.
Flavor: r-patched-solaris-x86