CRAN Package Check Results for Package prodigenr

Last updated on 2019-07-03 01:47:34 CEST.

Flavor Version Tinstall Tcheck Ttotal Status Flags
r-devel-linux-x86_64-debian-clang 0.4.0 2.74 28.36 31.10 OK
r-devel-linux-x86_64-debian-gcc 0.5.0 2.32 23.83 26.15 OK
r-devel-linux-x86_64-fedora-clang 0.5.0 38.72 OK
r-devel-linux-x86_64-fedora-gcc 0.5.0 37.37 OK
r-devel-windows-ix86+x86_64 0.4.0 7.00 46.00 53.00 OK
r-patched-linux-x86_64 0.4.0 2.59 28.26 30.85 OK
r-patched-solaris-x86 0.4.0 4.30 ERROR
r-release-linux-x86_64 0.5.0 2.63 29.54 32.17 OK
r-release-windows-ix86+x86_64 0.5.0 11.00 71.00 82.00 OK
r-release-osx-x86_64 0.5.0 OK
r-oldrel-windows-ix86+x86_64 0.5.0 6.00 70.00 76.00 OK
r-oldrel-osx-x86_64 0.5.0 OK

Check Details

Version: 0.4.0
Check: package dependencies
Result: ERROR
    Packages required but not available: 'devtools', 'git2r', 'usethis'
    
    See section ‘The DESCRIPTION file’ in the ‘Writing R Extensions’
    manual.
Flavor: r-patched-solaris-x86