CRAN Package Check Results for Package protiq

Last updated on 2019-07-03 01:47:35 CEST.

Flavor Version Tinstall Tcheck Ttotal Status Flags
r-devel-linux-x86_64-debian-clang 1.2 5.41 43.07 48.48 NOTE
r-devel-linux-x86_64-debian-gcc 1.2 4.04 35.09 39.13 NOTE
r-devel-linux-x86_64-fedora-clang 1.2 59.63 NOTE
r-devel-linux-x86_64-fedora-gcc 1.2 79.31 NOTE
r-devel-windows-ix86+x86_64 1.2 11.00 79.00 90.00 NOTE
r-patched-linux-x86_64 1.2 4.85 43.13 47.98 NOTE
r-patched-solaris-x86 1.2 91.30 NOTE
r-release-linux-x86_64 1.2 4.41 43.64 48.05 NOTE
r-release-windows-ix86+x86_64 1.2 10.00 82.00 92.00 NOTE
r-release-osx-x86_64 1.2 ERROR
r-oldrel-windows-ix86+x86_64 1.2 7.00 60.00 67.00 NOTE
r-oldrel-osx-x86_64 1.2 NOTE

Check Details

Version: 1.2
Check: R code for possible problems
Result: NOTE
    estimateLSEparam: no visible global function definition for 'lm'
    estimateMLEparam: no visible global function definition for 'optim'
    getCCnlL: no visible global function definition for 'dnorm'
    iterateScampi: no visible global function definition for 'quantile'
    plot.scampi: no visible global function definition for 'hist'
    plot.scampiVal: no visible global function definition for 'par'
    plot.scampiVal: no visible global function definition for 'hist'
    plot.scampiVal: no visible global function definition for 'abline'
    plot.scampiVal: no visible global function definition for 'qqnorm'
    plot.scampiVal: no visible global function definition for 'qqline'
    sampleInitialVector: no visible global function definition for 'runif'
    Undefined global functions or variables:
     abline dnorm hist lm optim par qqline qqnorm quantile runif
    Consider adding
     importFrom("graphics", "abline", "hist", "par")
     importFrom("stats", "dnorm", "lm", "optim", "qqline", "qqnorm",
     "quantile", "runif")
    to your NAMESPACE file.
Flavors: r-devel-linux-x86_64-debian-clang, r-devel-linux-x86_64-debian-gcc, r-devel-linux-x86_64-fedora-clang, r-devel-linux-x86_64-fedora-gcc, r-devel-windows-ix86+x86_64, r-patched-linux-x86_64, r-patched-solaris-x86, r-release-linux-x86_64, r-release-windows-ix86+x86_64, r-oldrel-windows-ix86+x86_64, r-oldrel-osx-x86_64

Version: 1.2
Check: package dependencies
Result: ERROR
    Packages required but not available: 'graph', 'RBGL'
    
    See section ‘The DESCRIPTION file’ in the ‘Writing R Extensions’
    manual.
Flavor: r-release-osx-x86_64