Last updated on 2019-07-03 01:47:35 CEST.
Flavor | Version | Tinstall | Tcheck | Ttotal | Status | Flags |
---|---|---|---|---|---|---|
r-devel-linux-x86_64-debian-clang | 0.1.0 | 16.94 | 147.52 | 164.46 | OK | |
r-devel-linux-x86_64-debian-gcc | 0.1.0 | 17.15 | 114.51 | 131.66 | OK | |
r-devel-linux-x86_64-fedora-clang | 0.1.0 | 199.08 | OK | |||
r-devel-linux-x86_64-fedora-gcc | 0.1.0 | 265.84 | OK | |||
r-devel-windows-ix86+x86_64 | 0.1.0 | 41.00 | 273.00 | 314.00 | OK | |
r-patched-linux-x86_64 | 0.1.0 | 21.15 | 144.76 | 165.91 | OK | |
r-patched-solaris-x86 | 0.1.0 | 313.10 | OK | |||
r-release-linux-x86_64 | 0.1.0 | 19.40 | 145.09 | 164.49 | OK | |
r-release-windows-ix86+x86_64 | 0.1.0 | 45.00 | 227.00 | 272.00 | OK | |
r-release-osx-x86_64 | 0.1.0 | ERROR | ||||
r-oldrel-windows-ix86+x86_64 | 0.1.0 | 26.00 | 215.00 | 241.00 | OK | |
r-oldrel-osx-x86_64 | 0.1.0 | OK |
Version: 0.1.0
Check: package dependencies
Result: ERROR
Package required but not available: ‘GSVA’
See section ‘The DESCRIPTION file’ in the ‘Writing R Extensions’
manual.
Flavor: r-release-osx-x86_64