CRAN Package Check Results for Package qlcData

Last updated on 2019-07-03 01:47:35 CEST.

Flavor Version Tinstall Tcheck Ttotal Status Flags
r-devel-linux-x86_64-debian-clang 0.2.1 4.22 45.67 49.89 WARN
r-devel-linux-x86_64-debian-gcc 0.2.1 3.69 37.98 41.67 OK
r-devel-linux-x86_64-fedora-clang 0.2.1 61.99 NOTE
r-devel-linux-x86_64-fedora-gcc 0.2.1 76.57 NOTE
r-devel-windows-ix86+x86_64 0.2.1 11.00 93.00 104.00 OK
r-patched-linux-x86_64 0.2.1 3.62 45.85 49.47 OK
r-patched-solaris-x86 0.2.1 102.40 NOTE
r-release-linux-x86_64 0.2.1 4.51 46.12 50.63 OK
r-release-windows-ix86+x86_64 0.2.1 12.00 112.00 124.00 OK
r-release-osx-x86_64 0.2.1 NOTE
r-oldrel-windows-ix86+x86_64 0.2.1 6.00 62.00 68.00 OK
r-oldrel-osx-x86_64 0.2.1 NOTE

Check Details

Version: 0.2.1
Check: re-building of vignette outputs
Result: WARN
    Error(s) in re-building vignettes:
     ...
    --- re-building 'orthography_processing.Rmd' using rmarkdown
    Quitting from lines 70-72 (orthography_processing.Rmd)
    Error: processing vignette 'orthography_processing.Rmd' failed with diagnostics:
    invalid multibyte string, element 8
    --- failed re-building 'orthography_processing.Rmd'
    
    --- re-building 'recoding_nominal_data.Rmd' using rmarkdown
    --- finished re-building 'recoding_nominal_data.Rmd'
    
    SUMMARY: processing the following file failed:
     'orthography_processing.Rmd'
    
    Error: Vignette re-building failed.
    Execution halted
Flavor: r-devel-linux-x86_64-debian-clang

Version: 0.2.1
Check: data for non-ASCII characters
Result: NOTE
     Note: found 1459 marked UTF-8 strings
Flavors: r-devel-linux-x86_64-fedora-clang, r-devel-linux-x86_64-fedora-gcc, r-patched-solaris-x86, r-release-osx-x86_64, r-oldrel-osx-x86_64