Last updated on 2019-07-03 01:47:35 CEST.
Flavor | Version | Tinstall | Tcheck | Ttotal | Status | Flags |
---|---|---|---|---|---|---|
r-devel-linux-x86_64-debian-clang | 1.3 | 9.88 | 69.19 | 79.07 | OK | |
r-devel-linux-x86_64-debian-gcc | 1.3 | 8.59 | 58.68 | 67.27 | OK | |
r-devel-linux-x86_64-fedora-clang | 1.3 | 103.71 | OK | |||
r-devel-linux-x86_64-fedora-gcc | 1.3 | 135.38 | OK | |||
r-devel-windows-ix86+x86_64 | 1.3 | 15.00 | 82.00 | 97.00 | OK | |
r-patched-linux-x86_64 | 1.3 | 10.13 | 70.02 | 80.15 | OK | |
r-patched-solaris-x86 | 1.3 | 165.00 | WARN | |||
r-release-linux-x86_64 | 1.3 | 9.66 | 71.36 | 81.02 | OK | |
r-release-windows-ix86+x86_64 | 1.3 | 17.00 | 117.00 | 134.00 | OK | |
r-release-osx-x86_64 | 1.3 | FAIL | ||||
r-oldrel-windows-ix86+x86_64 | 1.3 | 10.00 | 83.00 | 93.00 | OK | |
r-oldrel-osx-x86_64 | 1.3 | OK |
Version: 1.3
Check: whether the namespace can be unloaded cleanly
Result: WARN
XIO: fatal IO error 146 (Connection refused) on X server ":5.0"
after 0 requests (0 known processed) with 0 events remaining.
Flavor: r-patched-solaris-x86
Version: 1.3
Check: whether package can be installed
Result: FAIL
Flavor: r-release-osx-x86_64