CRAN Package Check Results for Package qrNLMM

Last updated on 2019-07-03 01:47:35 CEST.

Flavor Version Tinstall Tcheck Ttotal Status Flags
r-devel-linux-x86_64-debian-clang 1.4 10.44 68.88 79.32 OK
r-devel-linux-x86_64-debian-gcc 1.4 8.31 58.17 66.48 OK
r-devel-linux-x86_64-fedora-clang 1.4 104.53 OK
r-devel-linux-x86_64-fedora-gcc 1.4 131.96 OK
r-devel-windows-ix86+x86_64 1.4 18.00 82.00 100.00 OK
r-patched-linux-x86_64 1.4 11.01 70.71 81.72 OK
r-patched-solaris-x86 1.4 165.00 OK
r-release-linux-x86_64 1.4 8.58 70.40 78.98 OK
r-release-windows-ix86+x86_64 1.4 18.00 116.00 134.00 OK
r-release-osx-x86_64 1.4 FAIL
r-oldrel-windows-ix86+x86_64 1.4 11.00 81.00 92.00 OK
r-oldrel-osx-x86_64 1.4 OK

Check Details

Version: 1.4
Check: whether package can be installed
Result: FAIL
    
Flavor: r-release-osx-x86_64