CRAN Package Check Results for Package quokar

Last updated on 2019-07-03 01:47:35 CEST.

Flavor Version Tinstall Tcheck Ttotal Status Flags
r-devel-linux-x86_64-debian-clang 0.1.0 12.13 123.15 135.28 OK
r-devel-linux-x86_64-debian-gcc 0.1.0 10.93 93.80 104.73 OK
r-devel-linux-x86_64-fedora-clang 0.1.0 157.74 NOTE
r-devel-linux-x86_64-fedora-gcc 0.1.0 179.82 NOTE
r-devel-windows-ix86+x86_64 0.1.0 33.00 169.00 202.00 OK
r-patched-linux-x86_64 0.1.0 14.10 117.74 131.84 OK
r-patched-solaris-x86 0.1.0 230.70 NOTE
r-release-linux-x86_64 0.1.0 13.68 117.60 131.28 OK
r-release-windows-ix86+x86_64 0.1.0 29.00 227.00 256.00 OK
r-release-osx-x86_64 0.1.0 NOTE
r-oldrel-windows-ix86+x86_64 0.1.0 21.00 173.00 194.00 OK
r-oldrel-osx-x86_64 0.1.0 NOTE

Check Details

Version: 0.1.0
Check: dependencies in R code
Result: NOTE
    Namespaces in Imports field not imported from:
     ‘MCMCpack’ ‘gridExtra’ ‘knitr’
     All declared Imports should be used.
Flavors: r-devel-linux-x86_64-fedora-clang, r-devel-linux-x86_64-fedora-gcc, r-patched-solaris-x86, r-release-osx-x86_64, r-oldrel-osx-x86_64