Last updated on 2019-07-03 01:47:37 CEST.
Flavor | Version | Tinstall | Tcheck | Ttotal | Status | Flags |
---|---|---|---|---|---|---|
r-devel-linux-x86_64-debian-clang | 0.0-4 | 3.07 | 44.36 | 47.43 | NOTE | |
r-devel-linux-x86_64-debian-gcc | 0.0-4 | 2.40 | 35.82 | 38.22 | NOTE | |
r-devel-linux-x86_64-fedora-clang | 0.0-4 | 60.20 | NOTE | |||
r-devel-linux-x86_64-fedora-gcc | 0.0-4 | 62.97 | NOTE | |||
r-devel-windows-ix86+x86_64 | 0.0-4 | 10.00 | 45.00 | 55.00 | NOTE | |
r-patched-linux-x86_64 | 0.0-4 | 2.90 | 43.89 | 46.79 | NOTE | |
r-patched-solaris-x86 | 0.0-4 | 74.60 | NOTE | |||
r-release-linux-x86_64 | 0.0-4 | 3.29 | 44.57 | 47.86 | NOTE | |
r-release-windows-ix86+x86_64 | 0.0-4 | 7.00 | 56.00 | 63.00 | NOTE | |
r-release-osx-x86_64 | 0.0-4 | NOTE | ||||
r-oldrel-windows-ix86+x86_64 | 0.0-4 | 6.00 | 42.00 | 48.00 | NOTE | |
r-oldrel-osx-x86_64 | 0.0-4 | NOTE |
Version: 0.0-4
Check: top-level files
Result: NOTE
File
LICENSE
is not mentioned in the DESCRIPTION file.
Flavors: r-devel-linux-x86_64-debian-clang, r-devel-linux-x86_64-debian-gcc, r-devel-linux-x86_64-fedora-clang, r-devel-linux-x86_64-fedora-gcc, r-devel-windows-ix86+x86_64, r-patched-linux-x86_64, r-patched-solaris-x86, r-release-linux-x86_64, r-release-windows-ix86+x86_64, r-release-osx-x86_64, r-oldrel-windows-ix86+x86_64, r-oldrel-osx-x86_64
Version: 0.0-4
Check: dependencies in R code
Result: NOTE
'library' or 'require' call to 'rJava' which was already attached by Depends.
Please remove these calls from your code.
Flavors: r-devel-linux-x86_64-debian-clang, r-devel-linux-x86_64-debian-gcc, r-devel-linux-x86_64-fedora-clang, r-devel-linux-x86_64-fedora-gcc, r-devel-windows-ix86+x86_64, r-patched-linux-x86_64, r-patched-solaris-x86, r-release-linux-x86_64, r-release-windows-ix86+x86_64, r-release-osx-x86_64, r-oldrel-windows-ix86+x86_64, r-oldrel-osx-x86_64
Version: 0.0-4
Check: installed package size
Result: NOTE
installed size is 8.5Mb
Flavors: r-devel-linux-x86_64-fedora-clang, r-devel-windows-ix86+x86_64, r-patched-solaris-x86, r-release-windows-ix86+x86_64, r-release-osx-x86_64, r-oldrel-windows-ix86+x86_64, r-oldrel-osx-x86_64