Last updated on 2019-07-03 01:47:38 CEST.
Flavor | Version | Tinstall | Tcheck | Ttotal | Status | Flags |
---|---|---|---|---|---|---|
r-devel-linux-x86_64-debian-clang | 1.3.14 | 8.84 | 74.64 | 83.48 | NOTE | |
r-devel-linux-x86_64-debian-gcc | 1.3.14 | 8.64 | 58.86 | 67.50 | NOTE | |
r-devel-linux-x86_64-fedora-clang | 1.3.14 | 102.68 | NOTE | |||
r-devel-linux-x86_64-fedora-gcc | 1.3.14 | 109.36 | NOTE | |||
r-devel-windows-ix86+x86_64 | 1.3.14 | 22.00 | 98.00 | 120.00 | OK | |
r-patched-linux-x86_64 | 1.3.14 | 8.33 | 72.81 | 81.14 | OK | |
r-patched-solaris-x86 | 1.3.14 | 154.40 | OK | |||
r-release-linux-x86_64 | 1.3.14 | 11.39 | 72.37 | 83.76 | OK | |
r-release-windows-ix86+x86_64 | 1.3.14 | 21.00 | 138.00 | 159.00 | OK | |
r-release-osx-x86_64 | 1.3.14 | OK | ||||
r-oldrel-windows-ix86+x86_64 | 1.3.14 | 15.00 | 94.00 | 109.00 | OK | |
r-oldrel-osx-x86_64 | 1.3.14 | OK |
Version: 1.3.14
Check: for non-standard things in the check directory
Result: NOTE
Found the following files/directories:
'Database' 'rSQM.yaml' 'rSQM_Sample_Project' 'sample_script.R'
Flavors: r-devel-linux-x86_64-debian-clang, r-devel-linux-x86_64-debian-gcc, r-devel-linux-x86_64-fedora-clang, r-devel-linux-x86_64-fedora-gcc