Last updated on 2019-07-03 01:47:39 CEST.
Flavor | Version | Tinstall | Tcheck | Ttotal | Status | Flags |
---|---|---|---|---|---|---|
r-devel-linux-x86_64-debian-clang | 1.4 | 9.96 | 34.63 | 44.59 | OK | |
r-devel-linux-x86_64-debian-gcc | 1.4 | 8.81 | 28.67 | 37.48 | OK | |
r-devel-linux-x86_64-fedora-clang | 1.4 | 56.10 | NOTE | |||
r-devel-linux-x86_64-fedora-gcc | 1.4 | 60.11 | OK | |||
r-devel-windows-ix86+x86_64 | 1.4 | 21.00 | 54.00 | 75.00 | NOTE | |
r-patched-linux-x86_64 | 1.4 | 9.09 | 35.36 | 44.45 | OK | |
r-patched-solaris-x86 | 1.4 | 87.70 | NOTE | |||
r-release-linux-x86_64 | 1.4 | 9.40 | 35.71 | 45.11 | OK | |
r-release-windows-ix86+x86_64 | 1.4 | 14.00 | 70.00 | 84.00 | NOTE | |
r-release-osx-x86_64 | 1.4 | NOTE | ||||
r-oldrel-windows-ix86+x86_64 | 1.4 | 13.00 | 48.00 | 61.00 | NOTE | |
r-oldrel-osx-x86_64 | 1.4 | NOTE |
Version: 1.4
Check: installed package size
Result: NOTE
installed size is 6.1Mb
sub-directories of 1Mb or more:
data 5.7Mb
Flavors: r-devel-linux-x86_64-fedora-clang, r-devel-windows-ix86+x86_64, r-patched-solaris-x86, r-release-windows-ix86+x86_64, r-release-osx-x86_64, r-oldrel-windows-ix86+x86_64, r-oldrel-osx-x86_64