Last updated on 2019-07-03 01:47:36 CEST.
Flavor | Version | Tinstall | Tcheck | Ttotal | Status | Flags |
---|---|---|---|---|---|---|
r-devel-linux-x86_64-debian-clang | 0.9 | 5.81 | 120.72 | 126.53 | OK | |
r-devel-linux-x86_64-debian-gcc | 0.9 | 4.63 | 102.87 | 107.50 | OK | |
r-devel-linux-x86_64-fedora-clang | 0.9 | 132.30 | NOTE | |||
r-devel-linux-x86_64-fedora-gcc | 0.9 | 142.20 | NOTE | |||
r-devel-windows-ix86+x86_64 | 0.9 | 13.00 | 124.00 | 137.00 | OK | |
r-patched-linux-x86_64 | 0.9 | 4.92 | 113.75 | 118.67 | OK | |
r-patched-solaris-x86 | 0.9 | 170.40 | NOTE | |||
r-release-linux-x86_64 | 0.9 | 6.16 | 115.26 | 121.42 | OK | |
r-release-windows-ix86+x86_64 | 0.9 | 13.00 | 171.00 | 184.00 | OK | |
r-release-osx-x86_64 | 0.9 | NOTE | ||||
r-oldrel-windows-ix86+x86_64 | 0.9 | 7.00 | 122.00 | 129.00 | OK | |
r-oldrel-osx-x86_64 | 0.9 | NOTE |
Version: 0.9
Check: dependencies in R code
Result: NOTE
Namespaces in Imports field not imported from:
‘MASS’ ‘dtplyr’
All declared Imports should be used.
Flavors: r-devel-linux-x86_64-fedora-clang, r-devel-linux-x86_64-fedora-gcc, r-patched-solaris-x86, r-release-osx-x86_64, r-oldrel-osx-x86_64