CRAN Package Check Results for Package randomNames

Last updated on 2019-07-03 01:47:36 CEST.

Flavor Version Tinstall Tcheck Ttotal Status Flags
r-devel-linux-x86_64-debian-clang 1.4-0.0 3.92 30.03 33.95 OK
r-devel-linux-x86_64-debian-gcc 1.4-0.0 3.36 24.00 27.36 OK
r-devel-linux-x86_64-fedora-clang 1.4-0.0 41.10 OK
r-devel-linux-x86_64-fedora-gcc 1.4-0.0 44.17 OK
r-devel-windows-ix86+x86_64 1.4-0.0 7.00 56.00 63.00 OK
r-patched-linux-x86_64 1.4-0.0 4.26 28.20 32.46 OK
r-patched-solaris-x86 1.4-0.0 62.70 WARN
r-release-linux-x86_64 1.4-0.0 3.36 29.06 32.42 OK
r-release-windows-ix86+x86_64 1.4-0.0 7.00 66.00 73.00 OK
r-release-osx-x86_64 1.4-0.0 WARN
r-oldrel-windows-ix86+x86_64 1.4-0.0 5.00 41.00 46.00 OK
r-oldrel-osx-x86_64 1.4-0.0 WARN

Check Details

Version: 1.4-0.0
Check: re-building of vignette outputs
Result: WARN
    Error(s) in re-building vignettes:
     ...
    --- re-building ‘randomNames.Rmd’ using rmarkdown
    Warning in engine$weave(file, quiet = quiet, encoding = enc) :
     Pandoc (>= 1.12.3) and/or pandoc-citeproc not available. Falling back to R Markdown v1.
    Quitting from lines 13-26 (randomNames.Rmd)
    Error: processing vignette 'randomNames.Rmd' failed with diagnostics:
    argument is of length zero
    --- failed re-building ‘randomNames.Rmd’
    
    SUMMARY: processing the following file failed:
     ‘randomNames.Rmd’
    
    Error: Vignette re-building failed.
    Execution halted
Flavors: r-patched-solaris-x86, r-release-osx-x86_64

Version: 1.4-0.0
Check: re-building of vignette outputs
Result: WARN
    Error in re-building vignettes:
     ...
    Warning in engine$weave(file, quiet = quiet, encoding = enc) :
     Pandoc (>= 1.12.3) and/or pandoc-citeproc not available. Falling back to R Markdown v1.
    Quitting from lines 13-26 (randomNames.Rmd)
    Error: processing vignette 'randomNames.Rmd' failed with diagnostics:
    argument is of length zero
    Execution halted
Flavor: r-oldrel-osx-x86_64