Last updated on 2019-07-03 01:47:36 CEST.
Flavor | Version | Tinstall | Tcheck | Ttotal | Status | Flags |
---|---|---|---|---|---|---|
r-devel-linux-x86_64-debian-clang | 1.0.17-10 | 10.58 | 56.42 | 67.00 | OK | |
r-devel-linux-x86_64-debian-gcc | 1.0.17-10 | 9.21 | 45.11 | 54.32 | OK | |
r-devel-linux-x86_64-fedora-clang | 1.0.17-10 | 88.57 | OK | |||
r-devel-linux-x86_64-fedora-gcc | 1.0.17-10 | 90.18 | OK | |||
r-devel-windows-ix86+x86_64 | 1.0.17-10 | 39.00 | 169.00 | 208.00 | NOTE | |
r-patched-linux-x86_64 | 1.0.17-10 | 11.99 | 57.05 | 69.04 | OK | |
r-patched-solaris-x86 | 1.0.17-10 | 117.20 | OK | |||
r-release-linux-x86_64 | 1.0.17-10 | 11.83 | 57.34 | 69.17 | OK | |
r-release-windows-ix86+x86_64 | 1.0.17-10 | 40.00 | 159.00 | 199.00 | NOTE | |
r-release-osx-x86_64 | 1.0.17-10 | OK | ||||
r-oldrel-windows-ix86+x86_64 | 1.0.17-10 | 33.00 | 113.00 | 146.00 | NOTE | |
r-oldrel-osx-x86_64 | 1.0.17-10 | OK |
Version: 1.0.17-10
Check: installed package size
Result: NOTE
installed size is 5.9Mb
sub-directories of 1Mb or more:
libs 5.0Mb
Flavors: r-devel-windows-ix86+x86_64, r-release-windows-ix86+x86_64, r-oldrel-windows-ix86+x86_64