Last updated on 2019-07-03 01:47:37 CEST.
Flavor | Version | Tinstall | Tcheck | Ttotal | Status | Flags |
---|---|---|---|---|---|---|
r-devel-linux-x86_64-debian-clang | 0.8.8 | 3.46 | 30.23 | 33.69 | OK | |
r-devel-linux-x86_64-debian-gcc | 0.8.8 | 2.84 | 24.23 | 27.07 | OK | |
r-devel-linux-x86_64-fedora-clang | 0.8.8 | 46.50 | OK | |||
r-devel-linux-x86_64-fedora-gcc | 0.8.8 | 45.62 | OK | |||
r-devel-windows-ix86+x86_64 | 0.8.8 | 7.00 | 61.00 | 68.00 | OK | |
r-patched-linux-x86_64 | 0.8.8 | 3.67 | 30.18 | 33.85 | OK | |
r-patched-solaris-x86 | 0.8.8 | 61.20 | OK | |||
r-release-linux-x86_64 | 0.8.8 | 3.35 | 30.02 | 33.37 | OK | |
r-release-windows-ix86+x86_64 | 0.8.8 | 7.00 | 61.00 | 68.00 | OK | |
r-release-osx-x86_64 | 0.8.8 | OK | ||||
r-oldrel-windows-ix86+x86_64 | 0.8.8 | 5.00 | 49.00 | 54.00 | OK | |
r-oldrel-osx-x86_64 | 0.8.8 | NOTE |
Version: 0.8.8
Check: Rd \usage sections
Result: NOTE
S3 methods shown with full name in documentation object 'all.vars.character':
‘all.vars.character’
The \usage entries for S3 methods should use the \method markup and not
their full name.
See chapter ‘Writing R documentation files’ in the ‘Writing R
Extensions’ manual.
Flavor: r-oldrel-osx-x86_64