Last updated on 2019-07-03 01:47:37 CEST.
Flavor | Version | Tinstall | Tcheck | Ttotal | Status | Flags |
---|---|---|---|---|---|---|
r-devel-linux-x86_64-debian-clang | 0.4-3 | 15.54 | 53.54 | 69.08 | OK | |
r-devel-linux-x86_64-debian-gcc | 0.4-3 | 11.22 | 42.99 | 54.21 | OK | |
r-devel-linux-x86_64-fedora-clang | 0.4-3 | 90.15 | OK | |||
r-devel-linux-x86_64-fedora-gcc | 0.4-3 | 91.11 | OK | |||
r-devel-windows-ix86+x86_64 | 0.4-3 | 99.00 | 160.00 | 259.00 | OK | |
r-patched-linux-x86_64 | 0.4-3 | 13.44 | 53.48 | 66.92 | OK | |
r-patched-solaris-x86 | 0.4-3 | 106.20 | OK | |||
r-release-linux-x86_64 | 0.4-3 | 14.42 | 53.75 | 68.17 | OK | |
r-release-windows-ix86+x86_64 | 0.4-3 | 116.00 | 156.00 | 272.00 | OK | |
r-release-osx-x86_64 | 0.4-3 | NOTE | ||||
r-oldrel-windows-ix86+x86_64 | 0.4-3 | 92.00 | 107.00 | 199.00 | OK | |
r-oldrel-osx-x86_64 | 0.4-3 | NOTE |
Version: 0.4-3
Check: installed package size
Result: NOTE
installed size is 20.0Mb
sub-directories of 1Mb or more:
libs 19.2Mb
Flavors: r-release-osx-x86_64, r-oldrel-osx-x86_64