Last updated on 2019-07-03 01:47:37 CEST.
Flavor | Version | Tinstall | Tcheck | Ttotal | Status | Flags |
---|---|---|---|---|---|---|
r-devel-linux-x86_64-debian-clang | 0.1.0 | 2.39 | 60.85 | 63.24 | OK | |
r-devel-linux-x86_64-debian-gcc | 0.1.0 | 1.86 | 48.18 | 50.04 | OK | |
r-devel-linux-x86_64-fedora-clang | 0.1.0 | 84.15 | NOTE | |||
r-devel-linux-x86_64-fedora-gcc | 0.1.0 | 84.41 | NOTE | |||
r-devel-windows-ix86+x86_64 | 0.1.0 | 5.00 | 72.00 | 77.00 | OK | |
r-patched-linux-x86_64 | 0.1.0 | 2.39 | 58.10 | 60.49 | OK | |
r-patched-solaris-x86 | 0.1.0 | 4.00 | ERROR | |||
r-release-linux-x86_64 | 0.1.0 | 2.50 | 60.79 | 63.29 | OK | |
r-release-windows-ix86+x86_64 | 0.1.0 | 7.00 | 100.00 | 107.00 | OK | |
r-release-osx-x86_64 | 0.1.0 | NOTE | ||||
r-oldrel-windows-ix86+x86_64 | 0.1.0 | 3.00 | 73.00 | 76.00 | OK | |
r-oldrel-osx-x86_64 | 0.1.0 | NOTE |
Version: 0.1.0
Check: dependencies in R code
Result: NOTE
Namespaces in Imports field not imported from:
‘gtools’ ‘knitr’ ‘usethis’
All declared Imports should be used.
Flavors: r-devel-linux-x86_64-fedora-clang, r-devel-linux-x86_64-fedora-gcc, r-release-osx-x86_64, r-oldrel-osx-x86_64
Version: 0.1.0
Check: package dependencies
Result: ERROR
Package required but not available: ‘usethis’
See section ‘The DESCRIPTION file’ in the ‘Writing R Extensions’
manual.
Flavor: r-patched-solaris-x86