CRAN Package Check Results for Package rnetcarto

Last updated on 2019-07-03 01:47:38 CEST.

Flavor Version Tinstall Tcheck Ttotal Status Flags
r-devel-linux-x86_64-debian-clang 0.2.4 4.10 23.56 27.66 OK
r-devel-linux-x86_64-debian-gcc 0.2.4 2.90 19.16 22.06 OK
r-devel-linux-x86_64-fedora-clang 0.2.4 37.86 NOTE
r-devel-linux-x86_64-fedora-gcc 0.2.4 38.07 NOTE
r-devel-windows-ix86+x86_64 0.2.4 11.00 66.00 77.00 OK
r-patched-linux-x86_64 0.2.4 3.37 23.70 27.07 OK
r-patched-solaris-x86 0.2.4 53.90 OK
r-release-linux-x86_64 0.2.4 3.54 23.49 27.03 OK
r-release-windows-ix86+x86_64 0.2.4 12.00 66.00 78.00 OK
r-release-osx-x86_64 0.2.4 OK
r-oldrel-windows-ix86+x86_64 0.2.4 10.00 43.00 53.00 OK
r-oldrel-osx-x86_64 0.2.4 OK

Check Details

Version: 0.2.4
Check: compiled code
Result: NOTE
    File ‘rnetcarto/libs/rnetcarto.so’:
     Found no calls to: ‘R_registerRoutines’, ‘R_useDynamicSymbols’
    
    It is good practice to register native routines and to disable symbol
    search.
    
    See ‘Writing portable packages’ in the ‘Writing R Extensions’ manual.
Flavors: r-devel-linux-x86_64-fedora-clang, r-devel-linux-x86_64-fedora-gcc