Last updated on 2019-07-03 01:47:38 CEST.
Flavor | Version | Tinstall | Tcheck | Ttotal | Status | Flags |
---|---|---|---|---|---|---|
r-devel-linux-x86_64-debian-clang | 0.5.0 | 3.78 | 33.23 | 37.01 | OK | |
r-devel-linux-x86_64-debian-gcc | 0.5.0 | 3.28 | 27.17 | 30.45 | OK | |
r-devel-linux-x86_64-fedora-clang | 0.5.0 | 50.20 | NOTE | |||
r-devel-linux-x86_64-fedora-gcc | 0.5.0 | 44.78 | NOTE | |||
r-devel-windows-ix86+x86_64 | 0.5.0 | 9.00 | 51.00 | 60.00 | OK | |
r-patched-linux-x86_64 | 0.5.0 | 3.63 | 33.01 | 36.64 | OK | |
r-patched-solaris-x86 | 0.5.0 | 72.80 | NOTE | |||
r-release-linux-x86_64 | 0.5.0 | 3.38 | 33.20 | 36.58 | OK | |
r-release-windows-ix86+x86_64 | 0.5.0 | 8.00 | 71.00 | 79.00 | OK | |
r-release-osx-x86_64 | 0.5.0 | NOTE | ||||
r-oldrel-windows-ix86+x86_64 | 0.5.0 | 7.00 | 48.00 | 55.00 | OK | |
r-oldrel-osx-x86_64 | 0.5.0 | NOTE |
Version: 0.5.0
Check: data for non-ASCII characters
Result: NOTE
Note: found 7645 marked UTF-8 strings
Flavors: r-devel-linux-x86_64-fedora-clang, r-devel-linux-x86_64-fedora-gcc, r-patched-solaris-x86, r-release-osx-x86_64, r-oldrel-osx-x86_64